What is the remainder when 391161 is divided by 1024?
1017
What is the remainder when 7455673 is divided by 9862?
1
What is the remainder when 435497 is divided by 17233?
4672
What is the remainder when 170321 is divided by 3879?
3524
Calculate the remainder when 6041472 is divided by 225.
222
Calculate the remainder when 376306 is divided by 721.
665
What is the remainder when 38697998 is divided by 1257?
1253
Calculate the remainder when 3269332 is divided by 820.
812
What is the remainder when 26627306 is divided by 42?
20
Calculate the remainder when 522079 is divided by 16301.
447
Calculate the remainder when 2250729 is divided by 750238.
15
What is the remainder when 1001931 is divided by 97?
18
What is the remainder when 353792 is divided by 1387?
107
What is the remainder when 302271 is divided by 21478?
1579
What is the remainder when 1442912 is divided by 242?
108
Calculate the remainder when 8206925 is divided by 16.
13
What is the remainder when 234389 is divided by 38200?
5189
What is the remainder when 3749263 is divided by 1574?
1569
What is the remainder when 4963338 is divided by 2544?
2538
Calculate the remainder when 5511755 is divided by 39.
2
Calculate the remainder when 39857 is divided by 2304.
689
What is the remainder when 2906654 is divided by 342?
338
What is the remainder when 115114 is divided by 115111?
3
What is the remainder when 271982227 is divided by 4467?
4465
Calculate the remainder when 2387933 is divided by 29.
15
Calculate the remainder when 136557 is divided by 2985.
2232
What is the remainder when 716172 is divided by 606?
486
What is the remainder when 360495 is divided by 179839?
817
Calculate the remainder when 4893132 is divided by 7610.
7512
Calculate the remainder when 816937392 is divided by 182.
180
Calculate the remainder when 267784145 is divided by 6124.
6121
Calculate the remainder when 29151 is divided by 28854.
297
Calculate the remainder when 63497379 is divided by 31748684.
11
What is the remainder when 1475222 is divided by 31?
25
What is the remainder when 190848 is divided by 162?
12
Calculate the remainder when 344330 is divided by 5617.
1693
What is the remainder when 2855903 is divided by 838?
837
Calculate the remainder when 3124368 is divided by 2456.
336
Calculate the remainder when 3367020 is divided by 280585.
0
Calculate the remainder when 92957 is divided by 92755.
202
What is the remainder when 8530 is divided by 2788?
166
What is the remainder when 2088271 is divided by 2673?
658
What is the remainder when 20858190 is divided by 38?
28
What is the remainder when 126910 is divided by 7464?
22
Calculate the remainder when 70965330 is divided by 3085449.
3
Calculate the remainder when 1479116 is divided by 47713.
13
Calculate the remainder when 490602 is divided by 1178.
554
Calculate the remainder when 9165267 is divided by 413.
384
What is the remainder when 194614586 is divided by 1469?
1466
What is the remainder when 259203 is divided by 258790?
413
Calculate the remainder when 14232700 is divided by 24.
4
What is the remainder when 281466 is divided by 2149?
2096
Calculate the remainder when 120271 is divided by 3643.
52
Calculate the remainder when 1784565054 is divided by 592.
590
What is the remainder when 5541 is divided by 5264?
277
Calculate the remainder when 6140554 is divided by 36.
34
Calculate the remainder when 135744 is divided by 33925.
44
Calculate the remainder when 5083628 is divided by 3950.
3928
Calculate the remainder when 321151 is divided by 1332.
139
Calculate the remainder when 4697117 is divided by 124.
121
What is the remainder when 34612052 is divided by 3146549?
13
What is the remainder when 7540133 is divided by 2985?
23
What is the remainder when 167392 is divided by 266?
78
What is the remainder when 2850562 is divided by 316682?
424
What is the remainder when 1028616 is divided by 10?
6
Calculate the remainder when 2932881 is divided by 53325.
6
What is the remainder when 92067503 is divided by 105?
38
What is the remainder when 43283335 is divided by 485?
480
What is the remainder when 6075494 is divided by 94929?
38
Calculate the remainder when 13561 is divided by 4989.
3583
Calculate the remainder when 71399 is divided by 23584.
647
What is the remainder when 91078 is divided by 22766?
14
Calculate the remainder when 181430799 is divided by 21.
18
Calculate the remainder when 1309704 is divided by 261936.
24
Calculate the remainder when 4655226 is divided by 69.
3
Calculate the remainder when 446098 is divided by 69.
13
Calculate the remainder when 196344392 is divided by 9.
5
Calculate the remainder when 2728485 is divided by 84.
81
What is the remainder when 223244 is divided by 645?
74
Calculate the remainder when 151402 is divided by 8222.
3406
Calculate the remainder when 75663 is divided by 75468.
195
What is the remainder when 65624 is divided by 364?
104
Calculate the remainder when 5391898 is divided by 592.
554
What is the remainder when 475869 is divided by 2205?
1794
Calculate the remainder when 114694 is divided by 286.
8
What is the remainder when 91458 is divided by 22765?
398
Calculate the remainder when 158527 is divided by 14386.
281
Calculate the remainder when 55612 is divided by 789.
382
What is the remainder when 8142259 is divided by 4387?
4374
Calculate the remainder when 121625 is divided by 8989.
4768
What is the remainder when 7279817 is divided by 302?
107
Calculate the remainder when 945409 is divided by 236333.
77
Calculate the remainder when 5618365 is divided by 224.
221
What is the remainder when 610 is divided by 123?
118
What is the remainder when 329349 is divided by 371?
272
What is the remainder when 501145 is divided by 2105?
155
What is the remainder when 72798 is divided by 2349?
2328
Calculate the remainder when 316835 is divided by 151890.
13055
Calculate the remainder when 2399744 is divided by 588.
116
What is the remainder when 1048089 is divided by 6237?
273
Calculate the remainder when 68572 is divided by 2374.
2100
Calculate the remainder when 294192 is divided by 3133.
2823
What is the remainder when 19923 is divided by 1238?
115
Calculate the remainder when 575893 is divided by 590.
53
Calculate the remainder when 87338887 is divided by 2853.
2851
Calculate the remainder when 2423455 is divided by 4164.
7
What is the remainder when 3835 is divided by 1445?
945
What is the remainder when 455225038 is divided by 114292?
2
What is the remainder when 1444742 is divided by 123?
107
What is the remainder when 9676 is divided by 4094?
1488
Calculate the remainder when 2957437 is divided by 22.
21
Calculate the remainder when 4442883 is divided by 1337.
32
Calculate the remainder when 1720548 is divided by 834.
6
Calculate the remainder when 2751603 is divided by 7147.
8
What is the remainder when 656837 is divided by 5390?
4647
Calculate the remainder when 56246 is divided by 80.
6
Calculate the remainder when 18848149 is divided by 9424052.
45
What is the remainder when 5069714 is divided by 1212?
1130
What is the remainder when 201524 is divided by 100224?
1076
Calculate the remainder when 138987116 is divided by 46329036.
8
What is the remainder when 1335255 is divided by 282?
267
Calculate the remainder when 976238 is divided by 32.
14
What is the remainder when 222958 is divided by 5727?
5332
What is the remainder when 306487 is divided by 141?
94
Calculate the remainder when 232875 is divided by 896.
811
What is the remainder when 3635837 is divided by 408?
149
What is the remainder when 14719495 is divided by 237411?
13
What is the remainder when 288483 is divided by 215?
168
Calculate the remainder when 1310001 is divided by 3853.
3834
What is the remainder when 17433 is divided by 7731?
1971
What is the remainder when 1276614 is divided by 846?
0
Calculate the remainder when 52594 is divided by 1648.
1506
Calculate the remainder when 7022323 is divided by 71.
68
What is the remainder when 97376756 is divided by 936?
932
Calculate the remainder when 605605 is divided by 235.
10
What is the remainder when 370085 is divided by 180?
5
Calculate the remainder when 60252 is divided by 26.
10
Calculate the remainder when 179054425 is divided by 28.
25
Calculate the remainder when 22697